28
Calculate the remainder when 465 is divided by 3.
0
What is the remainder when 339 is divided by 31?
29
Calculate the remainder when 633 is divided by 314.
5
Calculate the remainder when 5233 is divided by 34.
31
What is the remainder when 6143 is divided by 34?
23
Calculate the remainder when 1595 is divided by 42.
41
What is the remainder when 61 is divided by 13?
9
What is the remainder when 1530 is divided by 48?
42
What is the remainder when 8790 is divided by 3?
0
Calculate the remainder when 639 is divided by 637.
2
Calculate the remainder when 1445 is divided by 100.
45
What is the remainder when 118 is divided by 52?
14
Calculate the remainder when 63 is divided by 19.
6
Calculate the remainder when 4949 is divided by 198.
197
What is the remainder when 4231 is divided by 112?
87
What is the remainder when 599 is divided by 8?
7
Calculate the remainder when 84 is divided by 7.
0
What is the remainder when 321 is divided by 7?
6
What is the remainder when 695 is divided by 40?
15
What is the remainder when 1429 is divided by 47?
19
What is the remainder when 2714 is divided by 151?
147
What is the remainder when 415 is divided by 66?
19
Calculate the remainder when 660 is divided by 40.
20
What is the remainder when 390 is divided by 115?
45
Calculate the remainder when 1933 is divided by 72.
61
What is the remainder when 539 is divided by 35?
14
What is the remainder when 117 is divided by 12?
9
What is the remainder when 5171 is divided by 33?
23
What is the remainder when 1605 is divided by 67?
64
Calculate the remainder when 218 is divided by 13.
10
Calculate the remainder when 235 is divided by 30.
25
What is the remainder when 26 is divided by 26?
0
What is the remainder when 553 is divided by 32?
9
What is the remainder when 1186 is divided by 2?
0
What is the remainder when 1362 is divided by 454?
0
What is the remainder when 452 is divided by 130?
62
Calculate the remainder when 13 is divided by 1.
0
Calculate the remainder when 6213 is divided by 4.
1
What is the remainder when 3661 is divided by 47?
42
Calculate the remainder when 212 is divided by 107.
105
What is the remainder when 151 is divided by 30?
1
What is the remainder when 712 is divided by 65?
62
Calculate the remainder when 213 is divided by 4.
1
Calculate the remainder when 22029 is divided by 18.
15
Calculate the remainder when 642 is divided by 6.
0
Calculate the remainder when 515 is divided by 43.
42
Calculate the remainder when 248 is divided by 65.
53
Calculate the remainder when 281 is divided by 28.
1
Calculate the remainder when 1047 is divided by 258.
15
What is the remainder when 1032 is divided by 40?
32
What is the remainder when 309 is divided by 157?
152
What is the remainder when 505 is divided by 15?
10
What is the remainder when 360 is divided by 80?
40
Calculate the remainder when 68 is divided by 8.
4
Calculate the remainder when 372 is divided by 93.
0
Calculate the remainder when 99 is divided by 12.
3
Calculate the remainder when 136 is divided by 120.
16
What is the remainder when 108 is divided by 9?
0
Calculate the remainder when 948 is divided by 95.
93
Calculate the remainder when 453 is divided by 245.
208
What is the remainder when 766 is divided by 27?
10
Calculate the remainder when 335 is divided by 59.
40
Calculate the remainder when 109162 is divided by 35.
32
What is the remainder when 471 is divided by 13?
3
Calculate the remainder when 158 is divided by 156.
2
Calculate the remainder when 76 is divided by 39.
37
Calculate the remainder when 202 is divided by 67.
1
What is the remainder when 145 is divided by 23?
7
Calculate the remainder when 2155 is divided by 98.
97
What is the remainder when 3130 is divided by 11?
6
Calculate the remainder when 443 is divided by 96.
59
What is the remainder when 322 is divided by 114?
94
Calculate the remainder when 175 is divided by 57.
4
Calculate the remainder when 433 is divided by 69.
19
What is the remainder when 82 is divided by 26?
4
Calculate the remainder when 6400 is divided by 33.
31
What is the remainder when 223 is divided by 29?
20
Calculate the remainder when 417 is divided by 6.
3
What is the remainder when 207 is divided by 78?
51
Calculate the remainder when 3349 is divided by 225.
199
What is the remainder when 99 is divided by 45?
9
Calculate the remainder when 569 is divided by 52.
49
Calculate the remainder when 358 is divided by 15.
13
Calculate the remainder when 87 is divided by 16.
7
What is the remainder when 1350 is divided by 13?
11
Calculate the remainder when 2112 is divided by 141.
138
Calculate the remainder when 22 is divided by 13.
9
Calculate the remainder when 100 is divided by 27.
19
What is the remainder when 160 is divided by 40?
0
Calculate the remainder when 4640 is divided by 21.
20
What is the remainder when 1119 is divided by 70?
69
What is the remainder when 17 is divided by 9?
8
Calculate the remainder when 218 is divided by 29.
15
Calculate the remainder when 223 is divided by 102.
19
Calculate the remainder when 198 is divided by 95.
8
Calculate the remainder when 1539 is divided by 47.
35
What is the remainder when 34 is divided by 21?
13
Calculate the remainder when 10637 is divided by 333.
314
What is the remainder when 397 is divided by 106?
79
Calculate the remainder when 2101 is divided by 210.
1
What is the remainder when 1315 is divided by 28?
27
Calculate the remainder when 82 is divided by 23.
13
Calculate the remainder when 327 is divided by 41.
40
Calculate the remainder when 661 is divided by 39.
37
Calculate the remainder when 586 is divided by 11.
3
What is the remainder when 1765 is divided by 52?
49
What is the remainder when 289 is divided by 7?
2
What is the remainder when 641 is divided by 204?
29
Calculate the remainder when 2665 is divided by 92.
89
What is the remainder when 3353 is divided by 58?
47
What is the remainder when 1245 is divided by 32?
29
What is the remainder when 9895 is divided by 14?
11
Calculate the remainder when 1109 is divided by 15.
14
Calculate the remainder when 304 is divided by 36.
16
What is the remainder when 1516 is divided by 69?
67
Calculate the remainder when 4548 is divided by 26.
24
What is the remainder when 418 is divided by 70?
68
What is the remainder when 228 is divided by 58?
54
What is the remainder when 9415 is divided by 44?
43
What is the remainder when 921 is divided by 11?
8
What is the remainder when 1104 is divided by 65?
64
Calculate the remainder when 1235 is divided by 9.
2
What is the remainder when 27 is divided by 26?
1
What is the remainder when 260 is divided by 10?
0
What is the remainder when 104 is divided by 22?
16
Calculate the remainder when 7742 is divided by 23.
14
Calculate the remainder when 9103 is divided by 44.
39
What is the remainder when 131 is divided by 16?
3
What is the remainder when 381 is divided by 94?
5
Calculate the remainder when 923 is divided by 443.
37
Calculate the remainder when 1314 is divided by 94.
92
What is the remainder when 269 is divided by 45?
44
Calculate the remainder when 24898 is divided by 83.
81
Calculate the remainder when 139 is divided by 39.
22
What is the remainder when 178 is divided by 94?
84
Calculate the remainder when 28389 is divided by 14.
11
What is the remainder when 1169 is divided by 9?
8
What is the remainder when 31 is divided by 8?
7
What is the remainder when 3039 is divided by 341?
311
What is the remainder when 2750 is divided by 685?
10
What is the remainder when 540 is divided by 91?
85
What is the remainder when 236 is divided by 76?
8
What is the remainder when 4660 is divided by 166?
12
What is the remainder when 1190 is divided by 80?
70
What is the remainder when 678 is divided by 17?
15
Calculate the remainder when 4164 is divided by 2078.
8
What is the remainder when 424 is divided by 61?
58
What is the remainder when 84 is divided by 45?
39
Calculate the remainder when 295 is divided by 287.
8
Calculate the remainder when 742 is divided by 735.
7
Calculate the remainder when 21 is divided by 3.
0
Calculate the remainder when 2150 is divided by 155.
135
Calculate the remainder when 1030 is divided by 43.
41
Calculate the remainder when 2479 is divided by 46.
41
What is the rem